)) + 5. Calculate the remainder when 17 is divided by x/(-9)*45/10*-3.
8
Calculate the remainder when 541 is divided by ((-147)/36 - 2/3)/((-20)/480).
85
Let a(r) = -91*r - 1. Suppose -3*o + 39 = 3*j, -7*j + o = -11*j + 49. What is the remainder when a(-1) is divided by j?
6
Let x = 1581 + -1233. What is the remainder when x is divided by 18/45 + (-1)/5*-123?
23
Let w be (-1*3 + 1)*(-9 + 22). Let v(c) = c**2 - 4*c - 6. What is the remainder when (-17549)/(-91) + (-4)/w is divided by v(-5)?
37
Let b = -781 - -517. What is the remainder when 244 is divided by (-198)/b*496/6?
58
Suppose -3 = -3*l - 15. Let o(t) = -29*t - 12. Let r(q) = 30*q + 12. Let n(s) = l*o(s) - 5*r(s). What is the remainder when n(-4) is divided by 14?
12
Suppose 0 = -69*r + 7753 - 384 + 10847. Suppose 0 = -5*q + 2*q + 81. Calculate the remainder when r is divided by q.
21
Suppose 1200 = -4*u - 8*u. Let o = -83 - u. Calculate the remainder when 66 is divided by o.
15
Let j be (9/(-1 - 0))/((-48)/(-128)). Let q(w) = -w**3 - 23*w**2 + 27*w + 22. Let n be q(j). Let l = n + 87. Calculate the remainder when 146 is divided by l.
35
Let d = -10 + 17. Suppose 0 = -10*l + 12 + 28. Suppose -5*r + l*p + 185 = 0, -73 - 4 = -2*r + p. Calculate the remainder when r is divided by d.
6
Suppose -174 + 9 = -4*m + 23. What is the remainder when 26505 is divided by m?
44
Suppose -4*a = 2*s + 26 - 104, 2*a - 137 = -3*s. Calculate the remainder when 238 - (((-3456)/(-208))/(-4) + (-4)/(-26)) is divided by s.
46
Let j(c) = -11*c + 242. What is the remainder when 434 is divided by j(14)?
82
Suppose -22*g = -7*g - 45. Suppose 3*k = 12, -25 = p - g*k - 264. Calculate the remainder when p is divided by 14.
13
Let w = 468 - -63. What is the remainder when w is divided by 38?
37
Suppose -2*u - 138 = -8*u. Let d be (3 - 1)/(10/35). Suppose -d*a = -10*a, -3*a - 450 = -5*x. What is the remainder when x is divided by u?
21
Let m = -27837 + 29017. What is the remainder when m is divided by 199?
185
Suppose 126 = 4*n - 122. Calculate the remainder when n is divided by (48/156)/((-6)/(-156)).
6
Let g(q) = -33 - 30 + q**2 + 47 + 4*q + 2*q. Let n be g(-8). Suppose 2*v - 36 = -0*v - m, n = 4*m - 16. What is the remainder when 28 is divided by v?
12
Suppose -101*w = -69*w + 631 - 2103. What is the remainder when 150 is divided by w?
12
Calculate the remainder when 607 is divided by 29/(-10 + -284*(-8)/224).
201
Let y = 18 + -16. Let j(c) = -c**2 + 5*c + 2. Let d be j(y). Suppose d*w = 4*w + 28. Calculate the remainder when 18 is divided by w.
4
Let g(l) = 5*l + 42. Let k = 175 + -182. What is the remainder when 57 is divided by g(k)?
1
Let v(q) = 8*q + 43. Let x be v(11). Let t = -119 + x. What is the remainder when 47 is divided by t?
11
Let y be 8/4 + 0/(4 + -10). What is the remainder when 65 is divided by 17 + 0/y + -3?
9
Suppose 5*j = -j + 702. Suppose -8*i - i + j = 0. What is the remainder when 62 is divided by i?
10
Calculate the remainder when (6463 - (3 - 3)) + ((-165)/(-11) - 18) is divided by 132.
124
Let c = -945 + 1302. What is the remainder when c is divided by 38?
15
Suppose -53*m - 91*m + 570345 = 58569. Calculate the remainder when m is divided by 45.
44
Let h(q) = -20*q + q**2 + 0*q**2 + 11 + 25*q. Suppose -o = 4*o - 15. Calculate the remainder when h(-4) is divided by o.
1
Let p = -121 - 156. Let q = -204 - p. What is the remainder when q is divided by 15?
13
Suppose -f + 4*f = 2*q + 90, -3*q + 9 = 0. Calculate the remainder when 4990 is divided by f.
30
Let x(a) = -2*a**3 + a - 1. Let s(z) = -9*z**3 - 24*z**2 - 17*z + 29. Let v(h) = -s(h) + 4*x(h). Calculate the remainder when 32 is divided by v(-23).
6
Let t = 27195 - 27001. What is the remainder when t is divided by 10?
4
Let w be (70/(-10) + 9)*47. Suppose -15 - 93 = -4*j + 3*p, w = 3*j + p. What is the remainder when 103 is divided by j?
13
Let y = 254 + -246. Calculate the remainder when (302/y)/(44/352) is divided by 102.
98
Let a(z) = 8*z**2 - 28*z - 92. Suppose 2*d = -5*n - 7, -33*n - 2*d + 14 = -35*n. Calculate the remainder when 187 is divided by a(n).
59
Let w = 96 - 67. Suppose 3*l - 5*v - 105 = 0, -2*v + 146 = 5*l - w. Suppose -5*t + 0 = -50. Calculate the remainder when l is divided by t.
5
Suppose -6 = 5*x - 21. Suppose p - 6 = -3*s + 6, -2*s + 8 = x*p. Calculate the remainder when (p - -1)/(26/702) is divided by 5.
2
What is the remainder when 579 is divided by 26 + ((-3)/(-6))/((-13)/182)?
9
Let r(k) = 195*k - 3861. Calculate the remainder when 237 is divided by r(20).
3
Let r(g) = -g**3 + 10*g**2 - 2*g + 20. Let d be r(10). Suppose d*v - 2*z = 3*v - 277, 4*v - 388 = 2*z. What is the remainder when v is divided by 32?
31
Suppose 3*c - 5*p - 549 = 0, 3*c - 3*p - 248 - 307 = 0. What is the remainder when c is divided by 170?
18
Let f = 741 - 736. Calculate the remainder when ((-2)/3 - (-518)/21)/2 is divided by f.
2
Suppose -17*j + 19494 = 10*j. Suppose -3*m = -s - j, 0*m + 2*m - 476 = -2*s. Calculate the remainder when m is divided by 9.
6
Let j be -2 - (-5)/5 - 130. Let c = 96 - j. Let y = c + -105. What is the remainder when y is divided by 14?
10
Suppose -40 = 98*j - 100*j. Suppose 5*c - 674 = 2*i - 55, -5*c + 607 = 4*i. Calculate the remainder when c is divided by j.
3
Let s = 89 + -89. Suppose s = 3*z - 8 - 40. Calculate the remainder when 25 is divided by z.
9
Suppose 11*n - 66 = 396. Suppose p - 5*v = -p + 41, 4*p - n = 2*v. Let g = p + 11. What is the remainder when 36 is divided by g?
17
Calculate the remainder when (-2172)/2*(-48)/96 is divided by 91.
88
Suppose -f + 4*f - 390 = 0. Suppose 18*v = -336 + 822. Calculate the remainder when f is divided by v.
22
Let t be 5*1 + -6 + 4 + -573. Let l = 982 + t. Calculate the remainder when l is divided by 18.
16
Let r = 9 - -7. Let i be 66/(-297) + 2108/9. Suppose 9*b = 171 + i. What is the remainder when b is divided by r?
13
Let p(m) = 3*m**2 - 15*m - 13. Calculate the remainder when 197 is divided by p(8).
20
Let k(i) = -i**3 - 40*i**2 + 50*i + 400. Calculate the remainder when 2816 is divided by k(-41).
26
Let a = -947 - -1038. Calculate the remainder when 284 is divided by a.
11
Let f(h) = 4 - 10*h + 43*h**3 + 2 - 42*h**3 - 9*h**2. Let q be f(10). Suppose 0 = -t + q*t - 65. Calculate the remainder when 77 is divided by t.
12
Let g = 5502 + -5465. Suppose 4*v + 46 = 6*v. What is the remainder when g is divided by v?
14
Suppose -948*o + 880*o = -680. What is the remainder when 2856 is divided by o?
6
What is the remainder when (-21)/((-2646)/(-36))*-42 is divided by ((-3)/(-2))/((-3)/(-12))?
0
Let p(t) = 3*t - 39. Suppose -11*m + 45 = -6*m. Let l be p(m). Calculate the remainder when 12 is divided by (63/28)/((-3)/l).
3
Let u(p) = p**3 + 5*p**2 + 5. Let t be (-4)/(-2)*1/(3 + -2). Suppose -3*r - 9 = t*n - 0, 2*n - 1 = -r. What is the remainder when 25 is divided by u(r)?
0
Suppose 65*t - 1482 = 59*t. Let k = -45 + t. What is the remainder when k is divided by 16?
10
Suppose 0 = 5*g - 5*s - 90, 92 = 2*g - 4*s + 52. Calculate the remainder when 189 is divided by g.
13
Let n(q) = -4*q**3 - 59*q**2 + 16*q + 45. Calculate the remainder when 2601 is divided by n(-15).
21
Suppose 22*g + 1732 = 1964 + 3244. Calculate the remainder when 15164 is divided by g.
154
Let s = 32 + -18. What is the remainder when 55 - (-196)/(-16)*160/280 is divided by s?
6
Let s(z) = z**3 - 9*z**2 + 2*z + 1. Let t = -9 + 18. Calculate the remainder when s(t) is divided by 2 - -7 - (-8)/12*(1 + -4).
5
Suppose 0 = 10*g - 8*g - 74. Let q = -11 - -18. Let m(j) = 4*j - 7. Calculate the remainder when g is divided by m(q).
16
Let f = 52 - -2. What is the remainder when 3582/(-36)*(-2)/1*1 is divided by f?
37
Let g be (-16)/(-6)*(-9768)/(-32). Suppose 28*r - g = 1454. What is the remainder when r is divided by 23?
12
Suppose -2*y - 114 = -2*f, -6*y + 2*y + 240 = 5*f. Let m = -37 + f. What is the remainder when 74 is divided by m?
14
Let k(y) = -y**2 - 85*y - 430. What is the remainder when 1010 is divided by k(-79)?
42
Suppose -274 = -i - 4*o, 4*i - o = 2685 - 1555. What is the remainder when 2806 is divided by i?
268
Let h = 77 + -75. Let p(n) = -n**2 - 4*n + 13 - 9 + 33*n**2. What is the remainder when p(h) is divided by 32?
28
Suppose -17*t - 8022 = -59*t. Calculate the remainder when t is divided by 4